visor of u and 8?
8
Let u be (-3 - -7 - 2)*11. Calculate the greatest common factor of 1331 and u.
11
Let j = -3801 - -3850. Calculate the highest common factor of 455 and j.
7
Let u = -3070 + 3122. Calculate the highest common divisor of u and 364.
52
Let d be (-2)/(-25) - 572/1950*-102. Calculate the highest common factor of 10590 and d.
30
Let w be 1*3/(-6)*(-8 - -2). Let x(t) = 62*t + 4. Let o be x(4). Suppose 4*i - o = -4*m + 40, 2*i = -w*m + 147. What is the highest common factor of 8 and i?
8
Suppose -15 = -3*p - 2*x, 3*x + 2 = 2*p + 7*x. Suppose p*a - 605 = 6*a - 5*y, -a - 3*y + 605 = 0. Calculate the greatest common divisor of a and 110.
55
Suppose -286 = -795*q + 769*q. Calculate the highest common divisor of 9 and q.
1
Let r(p) = -83 + 32 + 439*p - 434*p. Let l be r(10). Let v be ((-245)/(-28))/((-1)/4*l). What is the greatest common factor of v and 21?
7
Let m(b) = b**3 - 17*b**2 + 17*b - 13. Let z be m(16). Let j(q) = -q**3 + 3*q**2 + 2*q - 2. Let h be j(z). Calculate the highest common divisor of 44 and h.
4
Suppose g = 4*g - 12. Suppose g*o = 5*i - 43, 2*i - 4*i = -o - 16. Let f be 86/i - -4*(-7)/98. Calculate the highest common divisor of 108 and f.
12
Let f(u) = 64*u**2 + 2*u - 31. Let j be f(4). What is the highest common factor of 13 and j?
13
Suppose 46 + 178 = 4*z. Let n be 140/(-3)*((-6)/(-4))/(-1). Let p = n + -62. What is the greatest common divisor of z and p?
8
Suppose -37 + 7 = 5*l. Let t be ((-6)/4)/(l/320). Suppose -2*o = o - 48. Calculate the greatest common divisor of t and o.
16
Let y = 1339 - -1565. Calculate the greatest common divisor of y and 66.
66
Let g be (23 - (9 - 4))/(1/(-14)). Let f be -2*1454/36 - (-56)/g. Let d be (-3 - f/3)*2/4. What is the greatest common factor of 12 and d?
12
Let y = 3252 + -2103. Let n be (-9)/36 + y/(-12). Let q = -76 - n. Calculate the greatest common factor of q and 5.
5
Suppose 78 = 4*j - j. Let i = -1771 - -1787. Let v(k) = 24*k - 382. Let r be v(i). Calculate the highest common divisor of r and j.
2
Let b(f) = 55*f - 14. Let m be b(2). Suppose -5*x + 200 = 5*w, 4*w = 2*w - x + 76. What is the greatest common divisor of w and m?
12
Let p = 135 - 125. Suppose 0 = 3*f - 1 - 5. Suppose 4*i + m - 58 = f*i, 66 = 2*i - 3*m. Calculate the greatest common divisor of i and p.
10
Let p be 946/12 - 2/(-3 - 9). Let u = -14 + p. Suppose 5*f + 3*m = 163 - 45, -m = -3*f + 82. What is the highest common divisor of f and u?
13
Let g = -5 + 10. Suppose -32 = -2*o - 2*o + 4*m, -2*o + 5*m + 16 = 0. What is the greatest common factor of g and o?
1
Suppose 21*y = 353 + 172. Suppose 0 = -3*u - 2*c + 36, -y*u + 65 = -20*u + 5*c. What is the highest common divisor of u and 30?
10
Suppose -79*p + 2*p = -125 - 3109. What is the highest common factor of 4242 and p?
42
Suppose f - t = 0, 7*t - 10 = -5*f + 2*t. Let i be 0/f*(0 - (1 - 0)). Suppose -b - 7 + 23 = i. Calculate the greatest common divisor of b and 40.
8
Suppose 7*o - 14*o = 175. Let u be ((-10)/o)/((-28)/(-20) - 1). What is the greatest common factor of u and 28?
1
Suppose 20*y - 31*y + 164112 = 28*y. Calculate the highest common factor of 16 and y.
16
Let r(x) = -2*x**3 + 2*x**2 + 40*x - 33. Let q be r(-10). What is the greatest common factor of 38 and q?
19
Let c be (-12 - (3 - 6))*-1. Suppose 3*m - 2751 = a, -m + 4*a = 8*a - 930. Suppose -4*s + m = 2*s. What is the greatest common factor of c and s?
9
Suppose -11*r + 9*r + 1015 = i, -4*r + 2060 = -4*i. What is the greatest common divisor of 45 and r?
15
Let y be (-5 - 1035/(-75))/(4/780). What is the highest common divisor of y and 390?
78
Let l be (-897804)/(-5610) + 4/(-110). Let n(t) = 3*t - 9. Let s be n(7). Suppose g - s = 8. What is the greatest common factor of l and g?
20
Let t be 124/(-12) + 10 - 2318/(-6). What is the highest common factor of 2 and t?
2
Let j(f) = -f**3 + 378. Let v be j(0). Suppose 4*x = 2*s - 36, 7*s - 5*s + 5*x - 36 = 0. What is the highest common factor of s and v?
18
Suppose 166*l - 1344 = 134*l. What is the greatest common divisor of 363 and l?
3
Suppose -4*c + 9*c - 15 = 0. Let w = c + 11. Suppose -201*a + 985*a = 10976. What is the highest common factor of a and w?
14
Let b be ((-2928)/30)/((-6)/15). Let g = -215 + b. What is the highest common factor of g and 29?
29
Let s = -4089 + 4373. What is the highest common divisor of s and 2414?
142
Let z(r) = -r**2 + 185*r - 8206. Let b be z(74). Suppose 4*v - 234 = -26. Calculate the greatest common factor of v and b.
4
Let f(k) = -3*k + 7. Let q be f(-7). Suppose q*h - 12 = 24*h. Suppose 2*j = o + h*o - 66, 72 = 5*o + j. Calculate the highest common divisor of 3 and o.
3
Let q(t) be the second derivative of 34/3*t**3 + 14*t**2 + 0 + 30*t. Let y be q(4). Calculate the greatest common factor of 25 and y.
25
Suppose 2*s = 3*n + 62, -2*s - 93 = -5*s + 4*n. Suppose 477*g - 534*g + 3534 = 0. What is the highest common divisor of g and s?
31
Suppose -44*w + 19 = -465. Calculate the greatest common factor of w and 29.
1
Let n(d) = -2*d**3 - 17*d**2 - 8*d + 1. Let k be n(-8). Let u(s) = 4*s**3 - 4*s**2 + 3. Let a be u(k). Calculate the greatest common factor of 15 and a.
3
Let d = -11368 + 21898. What is the highest common divisor of d and 130?
130
Let y be (-13 - -36) + 1821 + -3. Calculate the highest common divisor of 789 and y.
263
Let l(k) = k**3 + 11*k**2 + 5*k - 67. Let h be l(-14). Let p = -579 - h. Calculate the highest common divisor of 511 and p.
73
Let y(u) = 21*u - 97. Let t be y(10). Let q = -99 + t. Calculate the greatest common divisor of q and 42.
14
Let k(t) = -32*t - 4016. Let n be k(-130). Calculate the greatest common factor of 3648 and n.
48
Let v(z) = -127*z + 455. Let j be v(3). What is the greatest common factor of 481 and j?
37
Let z(m) = -1232*m + 3917. Let u be z(3). Calculate the greatest common divisor of 429 and u.
13
Let n = -86 - -1402. Let x be n/21*3 - 3. Calculate the highest common divisor of x and 15.
5
Let j be (-4)/(-2) + -3 - -9. Let q be ((-6303)/(-165) + -27)/(2 - 8/5). Calculate the greatest common divisor of j and q.
4
Let a be 84/(-5)*(-115)/46. Let r be (218/12)/(7/a) - 1. Calculate the highest common divisor of r and 81.
27
Let m(q) = -q**3 + 9*q**2 + 10*q - 112. Suppose -47 = -5*v + 2*f - 10, -2*f - 2 = 0. Let l be m(v). Calculate the highest common factor of 40 and l.
8
Suppose 0 = -74*b + 17183 + 53395 + 106134. What is the highest common divisor of 12 and b?
12
Let a = 338 - 178. Suppose -277*f - 80 = -138*f - 147*f. Calculate the greatest common factor of f and a.
10
Let r(o) be the second derivative of -o**4/12 + 16*o**3/3 + 5*o**2 - 30*o + 3. Let w be r(15). What is the greatest common divisor of w and 5?
5
Suppose -8*l = -170 - 83 - 131. Calculate the greatest common factor of l and 1236.
12
Let u(n) = -3*n**2 - 31*n - 7. Let x be u(-10). Let c be 2*(x/6 + -3). Let l be 0 - (c + 0) - 3. Calculate the greatest common divisor of 50 and l.
2
Suppose 1 - 2 = -b. Let p be (-21)/7 - (0 + b). Let y be (34 - -2)/(p/(-2)). Calculate the highest common divisor of 72 and y.
18
Let i be ((-148)/(-6))/((-54)/243). Let x = -6 - i. What is the greatest common factor of x and 168?
21
Suppose 0 = 5*p + 2*k - 50, 17*p + 3*k - 10 = 16*p. Let g be 4 - (3 - (2 + -1)). Let h be 18/4 - 1/g. What is the highest common factor of p and h?
2
Suppose -t + 38 = -5*g, 15*t + 89 = 19*t + g. What is the greatest common divisor of t and 6049?
23
Let m(g) = 2*g**2 + 41*g - 285. Let z be m(23). Calculate the greatest common factor of 1859 and z.
143
Suppose 2*u + 4*u = 36. Suppose -u = -3*h + 30. Let v be -1 + 72/21 - h/28. What is the greatest common divisor of 10 and v?
2
Let l(h) = -h**3 - 2*h**2 + 6*h + 8. Let a be l(-4). Let v = -371 + 419. Calculate the greatest common factor of a and v.
16
Suppose -w + 3*y + 19 = 0, -5*y = 2*w - 4*w + 40. Suppose -2*l + w = -23. Calculate the highest common divisor of 12 and l.
12
Suppose -4*y - 63 - 133 = 0. Let a be (-2086)/y + (-4)/7. Suppose -45 = -3*l - 3. Calculate the highest common divisor of l and a.
14
Let g = 13510 - 13461. What is the greatest common divisor of 16905 and g?
49
Suppose -81246 - 28350 - 5904 = -300*j. Let c = 52 - 30. Calculate the greatest common divisor of j and c.
11
Let g(m) = -56*m + 488. Let z be g(4). Let q be 2*1/(-1